{"id":208,"date":"2025-10-15T18:33:14","date_gmt":"2025-10-15T16:33:14","guid":{"rendered":"https:\/\/rafaelcanogar.mudpropuesta.es\/?page_id=208"},"modified":"2025-10-15T18:38:07","modified_gmt":"2025-10-15T16:38:07","slug":"como-comprar","status":"publish","type":"page","link":"https:\/\/rafaelcanogar.mudpropuesta.es\/como-comprar.php","title":{"rendered":"C\u00f3mo Comprar"},"content":{"rendered":"\t\t<div data-elementor-type=\"wp-page\" data-elementor-id=\"208\" class=\"elementor elementor-208\" data-elementor-post-type=\"page\">\n\t\t\t\t<div class=\"elementor-element elementor-element-2a96d6dc e-flex e-con-boxed e-con e-parent\" data-id=\"2a96d6dc\" data-element_type=\"container\" data-e-type=\"container\">\n\t\t\t\t\t<div class=\"e-con-inner\">\n\t\t\t\t\t<\/div>\n\t\t\t\t<\/div>\n\t\t<div class=\"elementor-element elementor-element-24a8bf5d e-flex e-con-boxed e-con e-parent\" data-id=\"24a8bf5d\" data-element_type=\"container\" data-e-type=\"container\">\n\t\t\t\t\t<div class=\"e-con-inner\">\n\t\t\t\t<div class=\"elementor-element elementor-element-3542cfe9 elementor-widget elementor-widget-text-editor\" data-id=\"3542cfe9\" data-element_type=\"widget\" data-e-type=\"widget\" data-widget_type=\"text-editor.default\">\n\t\t\t\t<div class=\"elementor-widget-container\">\n\t\t\t\t\t\t\t\t\t<p>La Galer\u00eda de Arte\u00a0ORELLANA-5\u00a0vende en todas partes del mundo.<\/p><p>Una vez est\u00e9 su selecci\u00f3n hecha y le hayamos asegurado la disponibilidad de las obras y facilitada cualquier informaci\u00f3n que necesite, le adjuntaremos nuestros datos bancarios para que pueda realizar el pago correspondiente mediante transferencia.<\/p><p>Todas las obras van acompa\u00f1adas de un certificado de autenticidad.<\/p><p>Si la obra que recibe no cumple sus expectativas le devolveremos el importe de la factura menos la parte proporcional del transporte correspondiente a su devoluci\u00f3n. Esta decisi\u00f3n se tiene que tomar en las 72 horas siguientes a la entrega y ser comunicada mediante e-mail.<\/p><p>Galer\u00eda de Arte ORELLANA-5<br \/>C\/ Orellana 5, 28004 &#8211; Madrid (Espa\u00f1a).<br \/>Tel: 91 426 68 29 \/ 667 777 174<br \/>E-mail:\u00a0<span style=\"color: #808080;\"><a class=\"txt_correo\" style=\"color: #808080;\" href=\"mailto:galeria@arte-orellana.es\">galeria@arte-orellana.es<\/a><\/span><\/p><p>Todas las obras van acompa\u00f1adas de un certificado de autenticidad.<\/p>\t\t\t\t\t\t\t\t<\/div>\n\t\t\t\t<\/div>\n\t\t\t\t\t<\/div>\n\t\t\t\t<\/div>\n\t\t\t\t<\/div>\n\t\t","protected":false},"excerpt":{"rendered":"<p>La Galer\u00eda de Arte\u00a0ORELLANA-5\u00a0vende en todas partes del mundo. Una vez est\u00e9 su selecci\u00f3n hecha y le hayamos asegurado la disponibilidad de las obras y facilitada cualquier informaci\u00f3n que necesite, le adjuntaremos nuestros datos bancarios para que pueda realizar el pago correspondiente mediante transferencia. Todas las obras van acompa\u00f1adas de un certificado de autenticidad. Si [&hellip;]<\/p>\n","protected":false},"author":1,"featured_media":0,"parent":0,"menu_order":0,"comment_status":"closed","ping_status":"closed","template":"","meta":{"_acf_changed":false,"footnotes":""},"class_list":["post-208","page","type-page","status-publish","hentry"],"acf":[],"_links":{"self":[{"href":"https:\/\/rafaelcanogar.mudpropuesta.es\/index.php\/wp-json\/wp\/v2\/pages\/208","targetHints":{"allow":["GET"]}}],"collection":[{"href":"https:\/\/rafaelcanogar.mudpropuesta.es\/index.php\/wp-json\/wp\/v2\/pages"}],"about":[{"href":"https:\/\/rafaelcanogar.mudpropuesta.es\/index.php\/wp-json\/wp\/v2\/types\/page"}],"author":[{"embeddable":true,"href":"https:\/\/rafaelcanogar.mudpropuesta.es\/index.php\/wp-json\/wp\/v2\/users\/1"}],"replies":[{"embeddable":true,"href":"https:\/\/rafaelcanogar.mudpropuesta.es\/index.php\/wp-json\/wp\/v2\/comments?post=208"}],"version-history":[{"count":4,"href":"https:\/\/rafaelcanogar.mudpropuesta.es\/index.php\/wp-json\/wp\/v2\/pages\/208\/revisions"}],"predecessor-version":[{"id":212,"href":"https:\/\/rafaelcanogar.mudpropuesta.es\/index.php\/wp-json\/wp\/v2\/pages\/208\/revisions\/212"}],"wp:attachment":[{"href":"https:\/\/rafaelcanogar.mudpropuesta.es\/index.php\/wp-json\/wp\/v2\/media?parent=208"}],"curies":[{"name":"wp","href":"https:\/\/api.w.org\/{rel}","templated":true}]}}